e the remainder when 1656 is divided by 934.
722
What is the remainder when 1273 is divided by 172?
69
What is the remainder when 809 is divided by 182?
81
What is the remainder when 1770 is divided by 129?
93
What is the remainder when 35699 is divided by 78?
53
Calculate the remainder when 1086701 is divided by 106.
95
What is the remainder when 2469 is divided by 1984?
485
Calculate the remainder when 19419 is divided by 37.
31
Calculate the remainder when 247445 is divided by 82.
51
Calculate the remainder when 17008 is divided by 116.
72
Calculate the remainder when 28217 is divided by 20.
17
What is the remainder when 79809 is divided by 23?
22
Calculate the remainder when 45640 is divided by 238.
182
What is the remainder when 13707 is divided by 6614?
479
What is the remainder when 503 is divided by 307?
196
What is the remainder when 490908 is divided by 98181?
3
What is the remainder when 690 is divided by 311?
68
What is the remainder when 28250 is divided by 14096?
58
What is the remainder when 6814 is divided by 1359?
19
What is the remainder when 5852 is divided by 90?
2
Calculate the remainder when 124861 is divided by 375.
361
What is the remainder when 1405 is divided by 87?
13
What is the remainder when 3216 is divided by 678?
504
What is the remainder when 56066 is divided by 33?
32
Calculate the remainder when 13594 is divided by 82.
64
What is the remainder when 305727 is divided by 258?
255
What is the remainder when 11545 is divided by 263?
236
What is the remainder when 16023 is divided by 1143?
21
Calculate the remainder when 71246 is divided by 621.
452
What is the remainder when 3098 is divided by 1207?
684
Calculate the remainder when 1806 is divided by 230.
196
Calculate the remainder when 171304 is divided by 119.
63
Calculate the remainder when 7096 is divided by 406.
194
Calculate the remainder when 48342 is divided by 12083.
10
Calculate the remainder when 2053 is divided by 109.
91
What is the remainder when 33635 is divided by 1681?
15
Calculate the remainder when 965 is divided by 579.
386
What is the remainder when 34433 is divided by 5720?
113
Calculate the remainder when 19409 is divided by 182.
117
Calculate the remainder when 80508 is divided by 97.
95
Calculate the remainder when 23756 is divided by 5897.
168
What is the remainder when 175835 is divided by 27?
11
What is the remainder when 2400 is divided by 1191?
18
Calculate the remainder when 21504 is divided by 741.
15
What is the remainder when 36717 is divided by 12146?
279
Calculate the remainder when 3340 is divided by 338.
298
What is the remainder when 2891 is divided by 9?
2
What is the remainder when 42246 is divided by 8444?
26
What is the remainder when 16712 is divided by 16?
8
What is the remainder when 10076 is divided by 60?
56
Calculate the remainder when 2039 is divided by 194.
99
Calculate the remainder when 2936 is divided by 90.
56
Calculate the remainder when 2864797 is divided by 20.
17
What is the remainder when 44184 is divided by 7362?
12
What is the remainder when 3610 is divided by 594?
46
Calculate the remainder when 12810 is divided by 917.
889
What is the remainder when 4539 is divided by 2261?
17
Calculate the remainder when 11679 is divided by 10.
9
What is the remainder when 158671 is divided by 577?
573
Calculate the remainder when 17475 is divided by 191.
94
What is the remainder when 12330 is divided by 202?
8
Calculate the remainder when 49997 is divided by 250.
247
What is the remainder when 90387 is divided by 419?
302
What is the remainder when 75331 is divided by 25110?
1
Calculate the remainder when 6896 is divided by 2283.
47
What is the remainder when 21 is divided by 8?
5
What is the remainder when 638712 is divided by 11?
8
Calculate the remainder when 23286 is divided by 274.
270
What is the remainder when 219586 is divided by 26?
16
Calculate the remainder when 3541 is divided by 589.
7
Calculate the remainder when 1846 is divided by 104.
78
Calculate the remainder when 23349 is divided by 23331.
18
What is the remainder when 25122 is divided by 306?
30
Calculate the remainder when 274 is divided by 106.
62
What is the remainder when 641 is divided by 218?
205
Calculate the remainder when 36846 is divided by 43.
38
What is the remainder when 714 is divided by 651?
63
What is the remainder when 84195 is divided by 8?
3
Calculate the remainder when 5441 is divided by 857.
299
Calculate the remainder when 505 is divided by 123.
13
What is the remainder when 191424 is divided by 325?
324
What is the remainder when 91110 is divided by 6507?
12
Calculate the remainder when 88649 is divided by 587.
12
Calculate the remainder when 12488 is divided by 131.
43
Calculate the remainder when 97192 is divided by 188.
184
What is the remainder when 1627 is divided by 459?
250
Calculate the remainder when 196 is divided by 177.
19
What is the remainder when 352893 is divided by 946?
35
Calculate the remainder when 30988 is divided by 82.
74
Calculate the remainder when 2457 is divided by 523.
365
Calculate the remainder when 277977 is divided by 41.
38
What is the remainder when 88048 is divided by 52?
12
What is the remainder when 20905 is divided by 6924?
133
Calculate the remainder when 788 is divided by 651.
137
Calculate the remainder when 3791 is divided by 708.
251
Calculate the remainder when 3224 is divided by 59.
38
Calculate the remainder when 974697 is divided by 380.
377
Calculate the remainder when 31957 is divided by 1389.
10
What is the remainder when 106513 is divided by 4?
1
Calculate the remainder when 41377 is divided by 5.
2
What is the remainder when 8992 is divided by 4399?
194
What is the remainder when 1559 is divided by 63?
47
Calculate the remainder when 614112 is divided by 27.
24
Calculate the remainder when 14954 is divided by 131.
20
What is the remainder when 58932 is divided by 166?
2
Calculate the remainder when 48571 is divided by 48.
43
What is the remainder when 2499 is divided by 2243?
256
Calculate the remainder when 23543 is divided by 92.
83
What is the remainder when 240 is divided by 102?
36
Calculate the remainder when 55140 is divided by 55.
30
Calculate the remainder when 15103 is divided by 83.
80
Calculate the remainder when 36712 is divided by 120.
112
What is the remainder when 95268 is divided by 2718?
138
What is the remainder when 49724 is divided by 592?
588
What is the remainder when 8985 is divided by 167?
134
Calculate the remainder when 12861 is divided by 82.
69
Calculate the remainder when 43854 is divided by 16.
14
Calculate the remainder when 17007 is divided by 5656.
39
Calculate the remainder when 25165 is divided by 19.
9
Calculate the remainder when 48148 is divided by 6867.
79
Calculate the remainder when 66659 is divided by 30.
29
What is the remainder when 301262 is divided by 41?
35
Calculate the remainder when 25936 is divided by 5187.
1
What is the remainder when 453852 is divided by 65?
22
What is the remainder when 410726 is divided by 29?
28
What is the remainder when 7888 is divided by 2576?
160
What is the remainder when 7281 is divided by 726?
21
What is the remainder when 9044 is divided by 3011?
11
What is the remainder when 622 is divided by 194?
40
What is the remainder when 37196 is divided by 40?
36
Calculate the remainder when 24550 is divided by 764.
102
What is the remainder when 26572 is divided by 2167?
568
Calculate the remainder when 124425 is divided by 41474.
3
Calculate the remainder when 59178 is divided by 623.
616
Calculate the remainder when 6523 is divided by 9.
7
Calculate the remainder when 12308 is divided by 160.
148
What is the remainder when 114033 is divided by 1226?
15
What is the remainder when 72309 is divided by 209?
204
What is the remainder when 13692 is divided by 622?
8
Calculate the remainder when 10516 is divided by 352.
308
Calculate the remainder when 18264 is divided by 4558.
32
Calculate the remainder when 3803 is divided by 3770.
33
What is the remainder when 30677 is divided by 59?
56
What is the remainder when 3760 is divided by 236?
220
What is the remainder when 257 is divided by 29?
25
What is the remainder when 9579 is divided by 673?
157
What is the remainder when 1609658 is divided by 3